, -i*w = -4*w - v - 5. Give g(w).
3
Let o(i) = 0*i + 3*i - 4*i + 5*i**2 + 0*i + 1. Calculate o(1).
5
Let b(f) = f**2 + 6*f + 5. Let v(r) be the second derivative of r**4/12 + r**3/3 + r**2/2 + 2*r. Let t be v(-2). Let p be 1/(-2*t/10). Determine b(p).
0
Let y(k) = -5*k + 3. Let p = 21 - 19. Give y(p).
-7
Suppose 45 = -3*t + 15. Suppose 0 = 2*u + m + 10, -m + 2*m - 20 = 4*u. Let p = t - u. Let s(b) = -b + 1. What is s(p)?
6
Let o(k) be the second derivative of -3*k + 3/2*k**2 + 0 + 2/3*k**3 + 1/6*k**4. Calculate o(-2).
3
Let b = 11 - 7. Let y(s) = 0*s + b + s - 5 + s**2 - 4. Give y(0).
-5
Let m(s) = 3*s. Let v be m(1). Let f(l) = -3*l**2 + 4*l**2 + 0 - 1 - v*l - 2. Let r = -2 - -5. Determine f(r).
-3
Suppose 4*k + 8 = -4*j, k - 4*j = -0*j + 13. Let d(t) = 5*t - 1. Determine d(k).
4
Let z(j) = -8*j**3 - 4*j**2 - 3*j - 3. Let i(s) = 7*s + 0 - 11*s**2 + 6 + 20*s**2 + 17*s**3. Let c(w) = 6*i(w) + 13*z(w). Give c(2).
-5
Suppose -5 = -o - 1. Suppose -5*q + o + 1 = 0. Let k(j) = 4*j + 1. Determine k(q).
5
Let g(r) = r - 5. Suppose -3*z + z = 5*j + 17, -5*z = 5*j + 5. Suppose z*k = k. Give g(k).
-5
Let a(n) = -3 + n**2 + 4 - 5. Let w(j) = -j**3 + 8*j**2 - 9*j - 2. Let t be w(7). Let f be (-4)/t + 2/(-8). Give a(f).
-4
Let g(h) = h**3 - 4*h**2 - h - 2. Suppose -5*o = 7*k - 5*k - 6, 0 = -5*k + 3*o + 15. Let d be k/3 + 0 + 3. Determine g(d).
-6
Let i(r) = 7*r**2 - 12*r - 7. Let l(q) = 11*q**2 - 18*q - 11. Let g(y) = -8*i(y) + 5*l(y). Suppose -40 = -5*t - 3*f - 0, -4*f = 4*t - 40. What is g(t)?
6
Let r(a) be the second derivative of a**5/20 - a**2 - 3*a. Let g(n) be the first derivative of r(n). Let k be 6/27 + 44/(-36). Determine g(k).
3
Suppose -5*r + 16 = -3*t, -t = -2*t + 3. Suppose 2*n = -10, -2*f = -r*f - 5*n - 28. Let v(w) = 4*w**2 - w. Calculate v(f).
5
Suppose p - 84 + 76 = 0. Let s(a) = -a**3 + 7*a**2 + 7*a - 5. Give s(p).
-13
Let m(a) be the first derivative of a**4/4 + 4*a**3/3 + a**2/2 - 4*a + 17. Give m(-4).
-8
Let a(b) = 7*b**3 + b**2 - 5*b - 2. Let f(i) be the third derivative of i**4/24 + i**3/6 + i**2. Let n(k) = a(k) + 3*f(k). Give n(1).
7
Let z(y) = 3*y**2 - 8*y - 4. Let i(b) = -b - 3 - 3*b - b - 3*b**2 + 5*b**2. Let v(h) = -8*i(h) + 5*z(h). Suppose -16 = -0*u - 4*u. Determine v(u).
-12
Suppose -5*q - 3*p = -9, 0 = -q - 0*p + p + 5. Let h(t) = -3*t**3 + q*t**3 - t**2 - t + t**3. Calculate h(0).
0
Let l(p) be the second derivative of -p**4/12 + 5*p**3/6 + 4*p**2 - 4*p. Suppose -1 + 31 = 5*n. What is l(n)?
2
Let r(c) be the first derivative of -c**3/3 - 7*c**2/2 + 4*c + 12. Determine r(-8).
-4
Let w(a) = a**2 - 5*a. Let i be w(4). Let m(u) be the second derivative of -u**5/20 - u**4/2 - 7*u**3/6 - 3*u**2 + u. Calculate m(i).
-10
Let i = -12 - -12. Let n(y) = -4 + i*y - 3*y + 2*y - 3. Give n(-4).
-3
Suppose 0 = 3*h - 2*h + 5*k - 14, h + 4 = k. Let x be (-3)/(-1) + h + 2. Let g(t) = -t**3 + 4*t**2 - 2*t + 4. Give g(x).
-4
Let x(w) be the first derivative of w**2/2 + 2*w - 4. What is x(6)?
8
Let x(h) be the second derivative of h**3/6 + 7*h**2/2 - 2*h. Suppose 8 = -y + 3. Calculate x(y).
2
Suppose j = -5*b - 15, 0 = 4*j - b - 2 - 1. Let w(k) = k**2 + 9 + 91*k - 49*k - 43*k. Determine w(j).
9
Let w(a) = a**3 + 4*a**2 + 3*a + 1. Suppose -2*f - 4 = 4*u, 2*f + 0*u + 4 = -u. Determine w(f).
3
Let d(c) = c**2 - c - 3. Let z(f) = 2*f**2 + 2*f - 4. Let q be z(-3). Suppose -m = m - q. Suppose -3*v + j - 8 = 0, -v - m = -j + 2*j. Determine d(v).
9
Let h(p) be the second derivative of p**5/20 + p**3/6 - 11*p**2/2 + 6*p. Let j = -2 + 2. Give h(j).
-11
Let k(d) be the first derivative of -d**3/3 + 5*d**2/2 + 5*d + 1. Suppose -4*i + 4*q + 0*q = 16, -5*q = -2*i - 17. Let x = 6 + i. Determine k(x).
5
Let m(h) = -8*h - 30. Let y(o) = o + 2. Let l(i) = m(i) + 10*y(i). Give l(7).
4
Let b(f) = -f - 4. Let s(x) = -5*x**2 + 19*x - 14. Let k(v) = v**2 - 4*v + 3. Let u(w) = -11*k(w) - 2*s(w). Let o be u(5). Determine b(o).
-4
Let d(m) be the first derivative of -m**4/2 + 2*m**3/3 + m**2 + 1. Let q be (0 - 2)*(-12)/8. Suppose -a + 2*h = 6*h + 2, 0 = 3*h + q. Calculate d(a).
-4
Let i = 6 - 3. Suppose 6 = -4*t + b, 5*t = -2*b - i - 11. Let j(z) = -2*z**3 - 2*z**2 + 2. Give j(t).
10
Let f(m) = -m**3 - m**2 + 1. Let z(k) = -k**3 - 6*k + 10. Let o(d) = 3*f(d) - z(d). Let j(s) = -s**3 - 2*s**2 + 3*s - 4. Let h(u) = -5*j(u) + 3*o(u). Give h(2).
1
Let y be 3/(2 - 21/6). Let x(n) = 8*n + 5. Let w(q) = 23*q + 14. Let g(b) = 4*w(b) - 11*x(b). What is g(y)?
-7
Let m(i) = 0 + 11*i - 1 - 2*i - i**2 - 2*i. Give m(5).
9
Suppose -23 = -3*i - 5*w, 0 = 2*i + w - 3*w - 10. Let o be (-4)/i + (-17)/(-3). Let b(u) = -u**2 + 6*u - 2. Calculate b(o).
3
Suppose -2*h - 3*v + 0*v = 0, 4*v = -4*h + 4. Let a(r) = r**3 - 4*r**2 + 3*r - 4. Determine a(h).
-4
Suppose 4*q = -u - 14, 3 = 3*q + 2*u + 11. Let m(w) be the second derivative of -w**5/20 - w**4/4 + w**3/6 - 5*w**2/2 + w. Calculate m(q).
7
Suppose 0 = -t - 5*n + 12, 6*n = 4*n + 4. Let h(q) = q + q - t - q. Suppose 4*i - 16 = -0*i. What is h(i)?
2
Let m(t) = 1 + t**2 + 3*t**3 - t**3 - 3*t**3. Let f(z) = 5*z**2 + z + 5. Let d(l) = f(l) - 4*m(l). Let g be 9/(-18) - 2/4. What is d(g)?
-3
Let p = -59 - -134. Suppose 0*f - 3*f = -p. Let i be (-40)/f + (-2)/5. Let s(g) = g**3 + g**2 - 2*g. What is s(i)?
0
Suppose -20 = 6*m - m. Suppose 3*c - 12 = -c. Let j(l) = 2*l + 1. Let s(d) = -d. Let n(z) = c*j(z) + 7*s(z). What is n(m)?
7
Suppose 2*r + u - 22 = 0, u + 7 = 3*r - 4*u. Let g(s) = -s + 13. Determine g(r).
4
Let g(x) be the first derivative of -x**3/3 + x**2/2 + x + 21. Give g(-3).
-11
Let c(d) = -2*d**3 - 1 + 5*d**2 + 5*d - d**3 + 4*d**3. Determine c(-4).
-5
Let q = -11 + -2. Let u(c) = -4*c. Let y(g) = 9*g. Let p(h) = q*u(h) - 6*y(h). Calculate p(3).
-6
Suppose 0 = -5*o - 11 + 26. Let z(d) = -4*d**3 - 6*d**2 - 3*d - 1. Let v(l) = -7*l**3 - 12*l**2 - 7*l - 2. Let t(h) = o*v(h) - 5*z(h). Calculate t(-5).
4
Let k(c) be the first derivative of 2*c**3/3 + c**2 - c + 21. Let u = 3 + -5. Give k(u).
3
Let u(s) be the first derivative of s**2 - 3*s + 2. Let g be u(4). Let q(c) = c**3 - 5*c**2 - c. Calculate q(g).
-5
Suppose -2*x + 4 + 8 = 0. Suppose 4*a + x = 22. Let t(m) = 3 - 1 + 1 + 2*m - 3*m. Give t(a).
-1
Let l(a) = 2*a + 10. Let k = -166 - -160. What is l(k)?
-2
Let l(s) = s + 1. Suppose -q + 2*t - 1 = 0, -q - 2*t = -3 - 4. Let r(b) = b. Let j be r(q). Let h = 2 - j. Calculate l(h).
0
Let g(x) = 2*x - 1. Let p(z) = z - 1. Let a(c) = -3*g(c) + 3*p(c). Calculate a(2).
-6
Let t = -14 + 11. Suppose 15 = 2*s - r + 4*r, 5*s - 47 = 2*r. Let w(q) = q + 0*q + 4 - s*q**2 + 8*q**2. Calculate w(t).
-8
Let m(o) = o**2 + 4*o + 4. Let b = -23 - -18. Determine m(b).
9
Let b(i) be the first derivative of -i**3/3 - 7*i**2/2 - 5*i + 7. Let x(t) = -t**2 - 1. Let f be x(-1). Let r be 9/f + (-3)/(-6). Calculate b(r).
7
Let r = -1 + -3. Let b(i) = -i + 8. Let d be b(6). Let x(l) = 3 + l + 4 + l - d. Calculate x(r).
-3
Let h(q) = 10*q + 10. Let w(r) be the third derivative of 3*r**4/8 + 3*r**3/2 + 2*r**2. Let z(f) = -6*h(f) + 7*w(f). Give z(-3).
-6
Let u(o) = 8*o - o + 2 - 6*o - 8*o. What is u(2)?
-12
Let h(l) = l + 9. Let n be h(-9). Suppose n = 3*y - 6*y. Let p(t) = -3*t**2 + t**3 + 4*t**2 - 2*t + 3*t. What is p(y)?
0
Let o(a) = a**2 + 6*a + 3. Suppose 2*k = -0 + 20. Suppose k*p + 20 = 5*p. What is o(p)?
-5
Let x = -2 - -3. Let t(u) = -u + 296 - 296 - 6*u**2. Determine t(x).
-7
Let j be 6/(-4) + 0 + (-26)/(-4). Let a(g) = g**3 - 5*g**2 + g + 2. Calculate a(j).
7
Let y = 7 - 2. Let u(g) be the third derivative of 1/4*g**4 + 0 + 0*g - 2/3*g**3 + 2*g**2 - 1/60*g**5. Calculate u(y).
1
Suppose -3*a - 6 = -0. Let x(c) = -c**2 + c + 2. What is x(a)?
-4
Let n(f) = 3*f - 1. Let b(l) = 2*l**3 + 3*l**2 - l - 2. Let x be b(-2). Give n(x).
-13
Suppose -12 = 5*d - 2*d. Let u(q) = -3*q**3 + q**2 + 6*q - 1. Let r(f) = -4*f**3 + 7*f. Suppose -5 = -0*p - p. Let t(w) = p*u(w) - 4*r(w). What is t(d)?
3
Let v(g) = g**3 - 5*g**2 - 6*g - 4. Let k be (-3)/(-2) + (-5)/10. Let m be (341/(-22))/(k/(-2)). Suppose 4*z - m + 7 = 0. Give v(z).
-4
Let n(m) = m - 2. Let g be ((-6)/10)/(4/(-20)). Suppose d + g*d = 20. Calculate n(d).
3
Let d(p) = p**3 + 3*p**2 + 138*p + 136*p - 421*p + 141*p. Give d(-5).
-20
Let a(n) = -3 - 5*n**3 + 1 - 4*n**2 + 3 + 6*n**3. Suppose 5*u - 10 - 10 = 0. Determine a(u